isor of 7812 and 1152?
36
What is the highest common factor of 13920 and 1015?
145
Calculate the greatest common divisor of 2180 and 27220.
20
What is the greatest common divisor of 235971 and 9?
9
What is the highest common factor of 6651 and 72?
9
What is the greatest common divisor of 10104 and 36?
12
Calculate the highest common divisor of 1 and 333.
1
What is the greatest common factor of 61 and 1505297?
61
What is the highest common divisor of 29656 and 7832?
88
What is the greatest common factor of 614 and 424?
2
What is the greatest common factor of 374 and 864314?
374
Calculate the greatest common divisor of 598 and 3042.
26
What is the highest common factor of 8150 and 3670?
10
Calculate the greatest common divisor of 460 and 5084610.
230
Calculate the greatest common factor of 270 and 284445.
135
Calculate the greatest common factor of 92463 and 7.
7
What is the greatest common divisor of 187957 and 385?
77
What is the greatest common divisor of 2 and 30562?
2
Calculate the highest common factor of 200 and 932.
4
Calculate the greatest common factor of 303677 and 18889.
1453
Calculate the greatest common divisor of 512 and 74496.
256
What is the greatest common divisor of 855 and 345040?
95
Calculate the greatest common divisor of 4644 and 35748.
108
What is the greatest common factor of 354 and 42960?
6
Calculate the highest common factor of 2390438 and 68.
34
What is the greatest common factor of 8222 and 4?
2
What is the greatest common divisor of 49 and 69398?
7
What is the greatest common divisor of 13377 and 3913?
91
Calculate the highest common factor of 536 and 555296.
536
What is the greatest common factor of 236 and 34102?
118
Calculate the highest common divisor of 4455 and 5841.
99
What is the highest common divisor of 68 and 193324?
68
What is the highest common divisor of 40340 and 2380?
20
What is the greatest common divisor of 30 and 13935?
15
Calculate the greatest common factor of 31 and 9641.
31
Calculate the highest common factor of 7574 and 312698.
1082
What is the highest common factor of 289535 and 6320?
395
What is the greatest common divisor of 46 and 54947?
23
Calculate the greatest common factor of 44758 and 10626.
322
What is the highest common factor of 9 and 82827?
9
Calculate the highest common divisor of 19851 and 156.
39
What is the greatest common factor of 4267 and 598133?
251
Calculate the highest common divisor of 209576 and 3519.
391
What is the highest common factor of 23147 and 9083?
293
Calculate the greatest common divisor of 202542 and 4.
2
What is the highest common divisor of 2289067 and 187?
187
What is the greatest common divisor of 120 and 5256?
24
Calculate the highest common factor of 1462 and 246347.
731
What is the highest common divisor of 12713 and 2?
1
Calculate the highest common divisor of 3016 and 232.
232
What is the highest common factor of 2940 and 330260?
980
Calculate the highest common divisor of 203 and 217.
7
Calculate the greatest common divisor of 29890 and 2009.
49
Calculate the highest common factor of 78 and 4550286.
78
Calculate the greatest common factor of 31470 and 120.
30
What is the highest common factor of 322 and 14077?
7
What is the greatest common divisor of 327 and 392727?
327
Calculate the greatest common divisor of 175336 and 7.
7
What is the highest common factor of 2 and 20446?
2
What is the highest common divisor of 83721 and 10836?
129
What is the highest common factor of 4720 and 880?
80
Calculate the highest common factor of 4 and 72568.
4
Calculate the highest common divisor of 14 and 744646.
14
What is the greatest common factor of 27 and 100314?
9
What is the greatest common factor of 231052 and 2444?
188
What is the greatest common factor of 156 and 8853?
39
What is the greatest common factor of 404642 and 392?
98
Calculate the greatest common factor of 95408 and 402.
134
What is the highest common factor of 22 and 122177?
11
Calculate the greatest common divisor of 73 and 92053.
73
What is the greatest common divisor of 1903 and 8477?
173
What is the greatest common factor of 84 and 869820?
84
Calculate the highest common factor of 1842202 and 38.
38
What is the highest common factor of 1675 and 15025?
25
What is the greatest common divisor of 832 and 6344?
104
What is the greatest common factor of 798 and 24073?
133
What is the highest common factor of 300 and 280?
20
What is the greatest common divisor of 306 and 531862?
34
Calculate the highest common factor of 220 and 2780.
20
What is the highest common divisor of 711 and 39222?
9
What is the greatest common divisor of 25 and 86575?
25
What is the highest common factor of 35594 and 296?
74
Calculate the highest common divisor of 24090 and 12210.
330
Calculate the greatest common factor of 268334 and 352.
22
What is the greatest common factor of 191724 and 6145?
1229
What is the highest common factor of 545316 and 24?
12
What is the highest common divisor of 36181 and 485?
97
Calculate the greatest common divisor of 11155 and 1035.
115
What is the greatest common factor of 18328 and 16704?
232
What is the highest common factor of 2938 and 1582?
226
What is the highest common factor of 415 and 150645?
415
What is the greatest common divisor of 33099 and 1298?
649
Calculate the highest common divisor of 1730512 and 112.
112
What is the greatest common factor of 1674 and 34047?
27
Calculate the highest common factor of 172544 and 32.
32
Calculate the greatest common divisor of 784107 and 9.
9
Calculate the highest common factor of 3420 and 8280.
180
What is the highest common divisor of 14781 and 10233?
1137
Calculate the greatest common factor of 37668 and 33798.
258
Calculate the highest common factor of 28458 and 1728.
54
Calculate the greatest common factor of 28270 and 121.
11
What is the greatest common factor of 211434 and 2152?
538
Calculate the highest common divisor of 22491 and 49.
49
Calculate the greatest common divisor of 12 and 207912.
12
Calculate the greatest common divisor of 275 and 1096975.
275
What is the highest common factor of 21523 and 23?
1
What is the highest common factor of 1095 and 46355?
365
Calculate the highest common factor of 7 and 533813.
7
What is the highest common divisor of 370 and 34300?
10
Calculate the highest common divisor of 23300 and 60.
20
What is the highest common factor of 1196 and 4876?
92
What is the highest common divisor of 1239937 and 166?
83
Calculate the highest common divisor of 63 and 33318.
9
Calculate the highest common divisor of 154512 and 21808.
464
What is the greatest common divisor of 64 and 19126?
2
What is the highest common factor of 11025 and 2475?
225
Calculate the highest common factor of 787797 and 2261.
323
What is the greatest common divisor of 1620 and 164916?
324
Calculate the greatest common divisor of 1280247 and 2348.
587
Calculate the greatest common factor of 1084185 and 5265.
405
Calculate the highest common factor of 97 and 95351.
97
What is the highest common factor of 938331 and 621?
621
Calculate the highest common divisor of 895280 and 190.
190
Calculate the greatest common divisor of 112423 and 399.
19
What is the greatest common factor of 492 and 26016?
12
Calculate the greatest common divisor of 16171 and 58607.
103
What is the greatest common factor of 15425 and 16659?
617
What is the greatest common divisor of 121320 and 1125?
45
Calculate the greatest common divisor of 32657 and 17176.
113
Calculate the greatest common divisor of 2354 and 9977.
11
Calculate the highest common divisor of 8521290 and 30.
30
Calculate the highest common factor of 408 and 460360.
136
Calculate the highest common factor of 324 and 13788.
36
What is the greatest common factor of 656593 and 1261?
97
Calculate the greatest common divisor of 8 and 13586.
2
What is the highest common factor of 149 and 527311?
149
What is the highest common divisor of 432738 and 1044?
522
Calculate the greatest common divisor of 2267736 and 122.
122
Calculate the greatest common divisor of 309870 and 313.
313
Calculate the highest common divisor of 1364 and 341.
341
Calculate the greatest common divisor of 28717 and 15886.
611
Calculate the highest common divisor of 16 and 51536.
16
What is the highest common divisor of 8 and 75688?
8